t f = v + 5. What is the units digit of f?
9
Suppose 7*u - 2*u - 165 = 0. What is the tens digit of u?
3
Let g be 6/(-9) - 3/9. What is the tens digit of (g/(-1))/((-5)/(-145))?
2
Let t(z) = z**3 - 5*z**2 - 4*z - 4. Let u be t(6). Let v = u - 6. What is the units digit of (-20)/4*(1 - v)?
5
Let j = -12 - -18. Let y(i) = i**3 + 7*i**2 + 8*i + 9. Let w be y(-6). Let x = j + w. What is the units digit of x?
3
Let b(d) = d + 2. Let n be b(0). Let c = 17 - n. Suppose 2*i - 1 = c. What is the units digit of i?
8
Let z(n) = -n**2 - 9*n. Let l be z(-8). Suppose l = -4*f - 0. What is the units digit of (8/(-5))/(f/5)?
4
Let k(y) = 3*y**2 - 2*y + 1. Let g be k(1). Suppose 5*f - g*a + 4*a = 54, 3*a + 24 = 3*f. Let i = f - -4. What is the tens digit of i?
1
What is the tens digit of (-14)/(-56) + (-1 - (-359)/4)?
8
Suppose -23*t = -4*t - 722. What is the tens digit of t?
3
Let u(t) = t**2 + 2*t - 10. What is the tens digit of u(8)?
7
Let a(q) = -q**3 - 3*q**2 - 14*q + 14. What is the tens digit of a(-7)?
0
Let v(h) = -4*h + 30. What is the units digit of v(-13)?
2
Let l(u) = u**3 + 8*u**2 + 8*u + 8. Let a = 0 + -1. Let j be -8 + (-2 - -2 - a). What is the units digit of l(j)?
1
Suppose -2*p = -p - 40. What is the tens digit of p?
4
Suppose d + 3 - 16 = 0. What is the tens digit of d?
1
Let r(g) = -3*g - 1. Let j be r(-4). Suppose -30 = -5*i + 2*y, 0 = 2*i + 2*i + y - j. Let p = 2 + i. What is the units digit of p?
6
Let y(f) = 15*f**3 - 4*f**2 + 2*f + 2. What is the tens digit of y(2)?
1
Let q(z) be the second derivative of 11*z**3/6 - z**2/2 - 3*z. What is the units digit of q(2)?
1
Suppose m + 2 = -2*v, 5*m + 0 - 6 = -2*v. Suppose 3*a + 4*u = 14 + m, a = -u + 5. What is the units digit of a?
4
Let a be (-3)/18 - 1010/(-12). Suppose 4*f - 7*f = -a. What is the tens digit of f?
2
Suppose v + 80 = 5*v. What is the units digit of v?
0
Let t = 32 + 10. What is the units digit of (-4)/(-6)*t/4?
7
Suppose 4*c - 1222 = 2*s, -6*s - 20 = -2*s. What is the tens digit of c?
0
Let n(y) = y - 12. What is the units digit of n(15)?
3
Let j be -3*4/(-24)*0. Suppose -2*l + j = -42. What is the tens digit of l?
2
Let h(c) = -4 - c + 4. Let n be h(-2). What is the units digit of ((-8)/(-3))/(n/6)?
8
Let t be ((-3 - -2) + 3)*8. Suppose -4*a = -4*f - 3 + 47, -a = -2*f + t. What is the units digit of 2/(-3) + (-52)/a?
8
Suppose 0 = -2*m + 4*m - 3*q - 10, 4*m = -3*q + 2. Suppose -5*r + 22 = m*h, 3*r - 6*h + 2*h = 8. Suppose -51 = -r*s - 7. What is the tens digit of s?
1
Suppose -5*m = 11 - 31. Suppose -m*i = -3*o - 20, -i + 4*o + 5 = -o. Let n = i + -4. What is the units digit of n?
1
Suppose 5*l - 77 = 23. Suppose -3*b - f = -6*f + 19, 2*b = -3*f + 19. Suppose k - b = 2*c + 15, 5*k = -3*c + l. What is the units digit of k?
7
What is the tens digit of 3/(-9)*11*-3?
1
Let q(g) = -g + 11. Let w be q(8). Suppose 5*c = w*c + 14. Suppose 55 = c*x - 2*x. What is the tens digit of x?
1
Let i(v) = -v**3 - 7*v**2 - 2*v - 4. Suppose 6*r - 4*r = -12. Let l be i(r). What is the units digit of (-7)/2*80/l?
0
Let k(f) = -9*f + 1. Let h be k(-1). Let d(l) = 3*l**2 + 4*l + 3. Let w be d(5). What is the tens digit of 2/10 + w/h?
1
Let a be 37 - (6/(-2) + 4). Suppose q + a = 3*q. What is the tens digit of q?
1
Let f be 1 - 1/((-1)/2). Suppose 0 = -f*p - 0*p + 6. What is the units digit of -1 + 8 - (0 + p)?
5
Let n = 27 + 46. What is the units digit of n?
3
Let y be ((-2)/2)/((-3)/27). Let l(g) = 2*g - 8. Let m be l(y). Suppose 5*x + m = 85. What is the tens digit of x?
1
Suppose -5*j = -2*m + 29, -4*j = -4*m - 2*j + 66. Suppose m = 2*z + 7. What is the units digit of z?
5
Let w(c) = -5*c - 38. Let s(y) = -3*y - 19. Let i(r) = 7*s(r) - 4*w(r). Suppose 22 = 3*n + 2*d, 3*n - 2*d - 28 = 2*d. What is the tens digit of i(n)?
1
Let g(o) = -o**3 + o - 1. Let l(c) = -3*c**3 + 7*c**2. Let r(f) = 2*g(f) - l(f). What is the tens digit of r(7)?
1
Suppose -o = -4*q - 57, 2*q - q = 2*o - 128. What is the tens digit of o?
6
What is the units digit of ((-21)/(-14))/((-9)/(-258))?
3
Suppose -i - 3*b + 25 = 0, -2*i - 3*b - 29 = -79. Suppose -45 = -5*u + i. What is the tens digit of u?
1
Suppose 0 = -2*w - 3 + 1. Let g be (0 + w)*(-7 + 0). Let x(c) = -c**3 + 6*c**2 + 8*c - 5. What is the units digit of x(g)?
2
Suppose 6*n = n + 20. Suppose 0 = -n*z + 3*g - 12 + 31, 3*g - 2 = z. Suppose 2*v - 3*l - 3 = v, -v = -l - z. What is the units digit of v?
9
Suppose -2*q = w - 129, 4*w + 2*q - 486 = -0*w. What is the tens digit of w?
1
Suppose 4*y + 57 = 5*v, y - v - 6 = -19. Let x = 13 + y. Let b = x + -1. What is the units digit of b?
4
Let b = 5 - 3. Suppose -33 - 5 = -b*n. What is the units digit of n?
9
Let d = 10 + -8. Suppose -3*p = d*p - 85. What is the units digit of p?
7
Suppose -180 = -5*t - 2*k, -t = -4*k - 49 + 13. What is the units digit of t?
6
Suppose -5*s + 7*s + 2 = 0. What is the tens digit of (-250)/10*s/1?
2
Let f = -11 + 18. Let n = f + -3. Suppose -n*c = -c - 9. What is the units digit of c?
3
Let m = -2 + 1. Let o be (-1 - -5)/(3 + m). What is the units digit of ((-3)/o)/(3/(-22))?
1
Let j be 1 - 3 - 2*-1. Let c be (-4)/(-6) + 4/12. Let n = c + j. What is the units digit of n?
1
Let x(a) = a**3 - 8*a**2 + 9*a + 10. Let g = -27 - -34. What is the tens digit of x(g)?
2
Let p = 369 - 47. What is the hundreds digit of p?
3
Suppose 5*r = 8*r + 3. Suppose 0 - 6 = d - u, 2*u = 4*d + 22. What is the units digit of 1/(-2 - r)*d?
5
Let t(l) = 56*l - 1. Let r be t(-2). Let x = r + 162. What is the tens digit of x?
4
Suppose 0 = q + 2*n - n - 4, 4*n = -5*q + 21. What is the units digit of q?
5
What is the tens digit of 1 + -7 + 3 + 21?
1
What is the tens digit of -5 + -5 + 16 - -66?
7
Suppose -5*k - 4*g - 364 = -0*k, -3*g = -5*k - 392. What is the units digit of k/16*4*-1?
9
Let x = 3 - -40. What is the tens digit of x?
4
Let n = 24 + -14. What is the units digit of n?
0
Suppose -3*s = -4*b - 562, 0 = -3*s - 2*b + 315 + 223. What is the hundreds digit of s?
1
Let k(j) = j - 11. Let b be k(14). Suppose 70 = 5*y - 2*i, b*y + 3*i = -0*i + 42. What is the tens digit of y?
1
What is the units digit of (-6)/(4 - (-123)/(-30))?
0
Let f = 34 + -7. What is the units digit of f?
7
Let p(v) = v**2 + v. Let q be p(0). Suppose -g + 5 = 0, 2*g = 4*f - q*f - 54. Suppose f = h + h. What is the units digit of h?
8
Let x = 6 + -3. Suppose -x*a + 30 = -15. What is the tens digit of a?
1
Let n = 133 + -77. What is the tens digit of n?
5
Suppose 2*r - 5*r + j + 8 = 0, 5*r = -5*j + 20. Suppose 0 = 2*y + r*y + 80. What is the units digit of (-9)/(-12) + (-260)/y?
7
Suppose -4*w + 9*w - 160 = 2*j, -15 = -3*j. What is the units digit of w?
4
Suppose l + j = 5*l - 202, -5*j = -l + 41. Suppose -4*p + 9 + l = 0. What is the units digit of p?
5
Suppose -y = 3*f - 158, -y - 42 = -f + 4*y. Let b = f - 37. What is the units digit of b?
5
Suppose -3*u + 1 = -5. Let k(m) = m - 5. Let s be k(0). Let h = u - s. What is the units digit of h?
7
Let a(k) = 11*k + 10. Let i be a(-18). What is the tens digit of 2*(i/(-8) + 1)?
4
Let t(c) = 2*c + 3. Let x be -2*((2 - 3) + -1). What is the tens digit of t(x)?
1
Let c(g) = -g**3 + 14*g**2 - 13*g + 6. What is the tens digit of c(9)?
9
Let r = 2 - -2. Suppose -39 = -p + q, p + 84 = 3*p - r*q. What is the tens digit of p?
3
Let q be -33*((-40)/6)/4. Suppose -3*c = 3*o - c - 56, -q = -3*o - c. What is the units digit of o?
8
Suppose 2*f + i = 7, 0*i - 3*i + 9 = 4*f. Suppose 2*p = f*p. Suppose p = -2*s + 3*s - 7. What is the units digit of s?
7
Let s(q) = q**2 - 4*q - 8. Let p be s(6). Let n = -19 - -16. Let a = p + n. What is the units digit of a?
1
Let j = -6 - -5. Let z = j + 2. What is the tens digit of 4*(z - 9/(-6))?
1
Let m(y) = -y**2 + 4*y - 3. Let x be m(2). Let i be (-3)/x*4/(-6). Suppose i = 3*a - 1. What is the units digit of a?
1
Let l(d) = d**3 + d - 21. Let m = -8 + 8. Let s be l(m). What is the tens digit of s/(-2) - 3/6?
1
Let a = 103 - 61. What is the tens digit of a?
4
Let i(a) = a + 5. Let o be i(4). Suppose 85 = 4*t + o. What is the tens digit of t?
1
Let b = -5 - 0. Let x(p) = p**3 + 6*p**2 + 2*p. What is the units digit of x(b)?
5
Suppose 0*s = -s + 3. Suppose 2*r = -4*w + 30, w + 2*w = -s*r + 51. What is the units digit of r?
9
Let t(x) = -x**2 - x - 4. Let w be t(0). Let i be 2/(-